4/4 - q + 2. Let p be 280/(-70)*(-2)/8. What is k(p)?
4
Let m(f) = -4*f - 3. Suppose 0 = -2*c + 1 + 1. Suppose 5*o + 4 = -c. Let n(j) = j + 1. Let z(p) = o*m(p) - 6*n(p). Give z(-4).
5
Let a be (-4)/6*(-21)/(-14). Let d(r) be the second derivative of -4*r**5/5 - r**3/6 + 2*r - 49. What is d(a)?
17
Let u(i) be the first derivative of 0*i**2 - 5/12*i**4 - i - 5 - 1/6*i**3. Let x(k) be the first derivative of u(k). What is x(1)?
-6
Let x(j) = -j**3 - 10*j**2 + 10*j - 8. Suppose 0 = -3279*a + 3282*a + 33. What is x(a)?
3
Let q be -1*(1 + 0)*-4. Let a(g) = g - 5. Let f(c) = -1. Let v(r) = 3*r - 18. Let n(l) = 3*f(l) - v(l). Let o(s) = -7*a(s) - 2*n(s). Calculate o(q).
1
Let v = 4 - -11. Let u(a) = -a**2 - 6*a - 3. Let k be u(-4). Let l(s) = -v*s - k*s + 17*s. Give l(-4).
12
Let n(a) be the third derivative of -a**5/60 + a**4/6 + 10*a**3/3 - 87*a**2. Give n(6).
8
Let z(o) be the first derivative of o**2 + 7*o + 1. Let m be (-20)/(-8)*-9*(-28)/(-126). What is z(m)?
-3
Let n(o) be the second derivative of o**4/12 - 2*o**3 - 5*o**2 - 611*o. Give n(15).
35
Let g(l) = 5*l**2 - 2 - 11 + l - 4*l**2 + 3 - 6*l. Let b be 3/6 + (-26)/(-4). Determine g(b).
4
Let a(r) = r - 11. Let w(b) = b - 12. Let u(o) = 4*a(o) - 5*w(o). Calculate u(13).
3
Let k(d) = 3*d**3 - 3*d**2. Suppose 18*t + 28*t = 138. Calculate k(t).
54
Let b(j) = j**3 + 7*j**2 - 10*j + 20. Let y(i) = -i**3 - 6*i**2 + 9*i - 17. Let q(o) = 6*b(o) + 7*y(o). Determine q(0).
1
Let g(q) = -7*q**2 - 10*q - 4. Let f(i) = 20*i**2 + 28*i + 11. Let p(c) = 6*f(c) + 17*g(c). Give p(3).
1
Let x(u) = u**3 - 11*u**2 + 10*u - 13. Suppose 3*i = -s + 35, 5*i - 7*s + 2*s - 25 = 0. Determine x(i).
-13
Let y(w) = -4*w + 5. Let x(p) = -13*p + 14. Let n(v) = -4*x(v) + 11*y(v). Calculate n(2).
15
Let p(d) = -d**3 - 12*d**2 - d + 4. Let w be p(-12). Suppose -t - 4*z + w = z, z - 7 = -4*t. Let s(l) = l + 3*l - 9*l. Determine s(t).
-5
Let d(o) = -o**3 - 5*o**2 + 4*o - 1. Suppose 5*t - 2*v + 35 = 0, 2*t + 10*v - 12*v + 20 = 0. Determine d(t).
-21
Let n(t) = 5 - t**2 - 5 - 6 + 3*t + 7. Let z be n(2). Let j(l) = 3 - 4*l - l**2 + l**2 + l**2. Give j(z).
0
Let p(w) = 4*w - 41. Let k(g) = -1. Let y(x) = -4*k(x) + p(x). What is y(15)?
23
Suppose -5*c + 2*p = -16, 2*c + 0*p - 12 = -2*p. Let d be -4 + 0 - -1 - (-17 + 12). Let b(g) = -4*g**d - 1 + 2 + c*g - 2 - 1. Calculate b(2).
-10
Let w(f) = -f**3 - 10*f**2 - 9*f + 9. Let a be w(-10). Let b(z) = z**2 - 102 - 2*z + a - z. Determine b(3).
-3
Let a(o) = 5357 - 12*o + 5345 + 4*o - 10709. Give a(-5).
33
Suppose 110*i + 6 = 112*i. Let m(p) = -2*p**2 + 2*p + 3. Calculate m(i).
-9
Let s(j) = -j**3 - 4*j**2 + 17*j + 32. Let w be s(-6). Let o(g) = -8*g - 1. Calculate o(w).
-17
Let z = 1579 - 1582. Let h(l) = 4*l**2 + 10*l + 3. Calculate h(z).
9
Let r(q) = -5*q**2 + 20*q - 23. Let u(s) = 2*s**2 - 7*s + 8. Let p(h) = 4*r(h) + 11*u(h). Let l = -1 + -2. Determine p(l).
5
Let r(i) be the third derivative of -i**6/120 - 7*i**5/30 - i**4/2 + 3*i**3 + i**2 - 17. Calculate r(-13).
5
Let i(d) = -2*d**2 - 13*d - 10. Let m be i(-4). Let w(j) = 2*j + 12. Calculate w(m).
32
Let v(d) = -d**3 - 11*d**2 + 2*d + 12. Let w(o) be the first derivative of o**4/4 + 4*o**3 - o**2 - 13*o - 1. Let u(x) = 6*v(x) + 5*w(x). What is u(-6)?
-5
Let c(p) = -5*p**2 + 10*p + 15. Let l(h) = 6*h**2 - 10*h - 15. Let y(i) = -5*c(i) - 4*l(i). Calculate y(11).
-4
Let h be (1/(-2))/(-1)*8 + -3. Let g = h + -4. Let j(s) be the second derivative of s**5/20 + s**4/4 + 2*s**3/3 + 3*s**2/2 + s. What is j(g)?
-9
Let n(b) be the second derivative of -b**5/20 + b**4/12 + b**3/3 - 5*b**2/2 + 2*b + 7. What is n(0)?
-5
Let x(m) be the third derivative of -1/2*m**3 + 0 + 0*m + 23*m**2 - 1/8*m**4. Give x(-2).
3
Let z(p) = -p**2 + 5*p + 6. Let o(x) be the third derivative of x**5/60 - 5*x**4/24 + 11*x**2. Let m be o(6). Determine z(m).
0
Let s(g) = -6 - 7*g - 3*g + 1 + 11*g. Let n be s(12). Let t(r) = -r**3 + 8*r**2 - 6*r - 3. Give t(n).
4
Let r = -149 - -150. Let u(w) = 11*w. What is u(r)?
11
Let z(q) = -7*q - 5. Let x be (85/25 - 3)/((-2)/10). What is z(x)?
9
Let d(b) = b**3 - 5*b**2 - 3*b - 22. Let t be d(6). Let r(y) = -y**2 + 2. Give r(t).
-14
Let u(h) = -2060 - h**3 + 1041 + 9*h - 8*h**2 + 1029. Give u(-9).
10
Let r be 30/(-26) - (837/(-117) - -7). Let q(d) = -8*d - 8. What is q(r)?
0
Let f = 106 - 132. Let n = -31 - f. Let s(x) = 2*x + 4. Let c(w) = -w - 2. Let b(k) = -5*c(k) - 2*s(k). Determine b(n).
-3
Suppose 0 = 24*y - 26 - 70. Let v(w) = -9*w**2 + 15*w - 3. Let s(l) = 4*l**2 - 7*l + 2. Let n(i) = 5*s(i) + 2*v(i). Give n(y).
16
Let s(j) = 11*j + 1. Let f(z) = -14*z**2 + 181*z + 14. Let y be f(13). Determine s(y).
12
Let j(d) = 6*d + 122. Let c be j(-21). Let x(f) = -2*f + 4*f**2 + 5 - 2*f**2 - 3*f**2. Determine x(c).
-3
Let j(d) = 4 + 15*d - 18*d + 0*d - 2*d**2. Determine j(-3).
-5
Let d = 30 - 6. Suppose 4*v - d = -0*v. Let a(f) = -f**2 + 5*f + 4. Calculate a(v).
-2
Let n(r) = -r**3 - 4*r**2 - 3*r + 1. Suppose 10*v - 42 = 8*v - h, 5*h = -3*v + 49. Suppose 2*q + 21 = 5*g, v = 4*g + 11. Determine n(q).
1
Suppose 2*b + 3*b = 0, -4*v - 5*b + 4 = 0. Let m(z) = -2*z**2 + 100*z - 101*z + v + 5*z**2 + 0. Calculate m(-2).
15
Let v(d) = -d - 10. Suppose 0 = o + 2*j + 15, 45*j - 48*j - 6 = 0. Determine v(o).
1
Let f(i) = 58*i - 31*i - 33*i + 1. Give f(3).
-17
Let q(b) be the first derivative of 9 + 1/4*b**4 - 7*b - 5/2*b**2 - 5/3*b**3. Give q(6).
-1
Let g(d) = -8*d**2 - 81*d - 6. Let b be g(-10). Let h(m) = -m**2 + 7*m + 3. What is h(b)?
15
Let y(i) = -10*i + 13*i**2 - 3*i**2 - i**2 - 22 + 4 - 10*i**2. Give y(-4).
6
Let o(y) be the third derivative of y**6/120 - 7*y**5/60 + y**4/4 + 4*y**3/3 - 3*y**2 + 18. Give o(6).
8
Let v(o) = o**2 + 4*o. Let c = 75 + -54. Let z = -18 + c. Suppose 6 + 3 = -z*k. Calculate v(k).
-3
Let g(c) = 4*c**3 - 2*c**2 - 4*c**3 + 13*c - 10 - 10*c**2 + c**3. Calculate g(11).
12
Let t(x) = -11*x + 5*x + 11*x. Let j be 2 + 0 - 4 - -14. Let p = 13 - j. What is t(p)?
5
Let a(u) = 2*u + 27. Let g = 63 - 74. Determine a(g).
5
Let n(g) = 3 + 3 + 3*g - 2*g. Let q(a) = 9*a + 87. Let p(d) = d + 2. Let c(x) = 6*p(x) - q(x). Let i be c(-25). What is n(i)?
6
Let m(f) be the second derivative of f**4/12 + 3*f**3/2 + 21*f**2/2 - 593*f. Determine m(-6).
3
Let v be (-3)/(9/12*-2). Let p(i) = i**3 + 2*i - 2*i**3 - 14*i**v - 3 + 12*i**2. Give p(-3).
0
Let n(t) be the first derivative of t**4/4 - t**3 - 3*t**2/2 - 3*t + 730. Let f = -2 + 5. Suppose 4*d + 28 = f*j - 0*j, 2*d + 8 = 0. What is n(j)?
1
Let p be 12*(8/2 + -3). Let d(u) = -u**3 + 11*u**2 + 13*u - 6. Let j be d(p). Let n(r) = -10 + 4*r + 5 + j. What is n(1)?
5
Let i(g) = g**3 + 7*g**2 + 10*g + 16. Suppose 5*a + 4 = -4*s, 57*s = 60*s + 3*a + 6. Calculate i(s).
-8
Let g(v) = 27*v. Let b be g(1). Suppose 3*x + 9 = -n - 9, -b = 4*n + 3*x. Let f(c) = c**3 + 2*c**2 - 4*c - 2. Determine f(n).
1
Let q(g) = g + 7. Let d(t) = t**3 + 3*t**2 + 4*t + 4. Let n be (-2)/(-2 - (4 + -4)) + -3. Let w be d(n). Give q(w).
7
Let s(q) = -q**2 - 2*q + 5. Suppose 0 = 5*u + 2*y + 30, 0 = -7*u + 6*u - 2*y - 14. Give s(u).
-3
Let c(p) be the first derivative of p**4/4 + 3*p**3 - 23*p**2/2 - 10*p + 130. Determine c(-11).
1
Let y be (2 + -1)*(4 - 4). Suppose 2*t = -5*n + 38, -2*n + y*n - 3*t = -24. Let l(r) = 1 - n - 8*r + 0*r + 6*r. Calculate l(-4).
3
Let q(s) = 5*s**2 + 4*s - 32. Let n(f) = 4*f**2 + 6*f - 28. Let y(d) = 6*n(d) - 5*q(d). Give y(16).
-8
Let k = 0 - -4. Let u(p) be the second derivative of 0 - 1/2*p**2 - 20*p - 1/12*p**4 + 1/2*p**3. Give u(k).
-5
Let s(f) = -f**2 - 4*f + 5. Suppose -10*n - 74 = 316. Let t be (n/12 - 3) + (-2)/(-8). Give s(t).
-7
Let g be -14*(4 + 18/(-4)). Let q(z) = 4*z**3 - 11*z**2 + 4*z - 3. Let h(o) = 3*o**3 - 10*o**2 + 5*o - 3. Let p(d) = 3*h(d) - 2*q(d). Calculate p(g).
-3
Let v(q) = q**2 + 6*q + 2. Suppose -84 = 22*o - 19*o. Let a = 24 + o. Determine v(a).
-6
Let n be (-2 + 36/15)*5. Let a(f) be the first derivative of 1/4*f**4 - f**2 + 2*f + 5 - 2/3*f**3. Calculate a(n).
-2
Let l(t) be the second derivative of t**5/10 + t**4/3 + t**3/3 + t**2 + t + 533. Give l(-3).
-22
Let f(u) = -u**3 - 10*u**2 - 2*u - 16. Let r be f(-10). Suppose 5*q = r + 6. Let l(m) = 10*m**2 - 1 + 3*m**2 - 5*m**q + 3*m**2. Calculate l(1).
10
Let y(m) = -m. Let z(j) = j**2 + 3*j - 5. Let o be z(-3)